r?
False
Is 48295999529 a prime number?
True
Is 415049399 prime?
False
Is 1086117497 a composite number?
False
Is 108041341 prime?
False
Is 566672759 a prime number?
True
Is 2107618379 a composite number?
False
Is 752740669 prime?
True
Is 155257795757 prime?
True
Is 60332496893 a composite number?
True
Is 11765162369 prime?
True
Is 6495584653 composite?
True
Is 16302686293 a composite number?
True
Is 44361842479 a prime number?
True
Is 13261067137 prime?
True
Is 58310716447 a composite number?
False
Is 1300625993 a prime number?
False
Is 27936445463 composite?
True
Is 488816407 a composite number?
True
Is 28017249541 composite?
False
Is 1112318033 a composite number?
False
Is 50327787553 a composite number?
False
Is 2945115947 prime?
True
Is 190051891513 composite?
True
Is 551718677 a prime number?
True
Is 960146963 prime?
False
Is 74281286507 a composite number?
False
Is 54368842415 prime?
False
Is 354653604203 a prime number?
True
Is 10112657509 composite?
False
Is 2420686417 a composite number?
True
Is 172296911 prime?
True
Is 6780019343 composite?
False
Is 1870220221 a composite number?
False
Is 657714649 a prime number?
False
Is 1528746419 a prime number?
False
Is 1935994997 a prime number?
True
Is 235064677 a composite number?
False
Is 2803249871 a composite number?
True
Is 81927329 a composite number?
True
Is 23737887059 a composite number?
False
Is 14169577441 composite?
True
Is 2350916611 a prime number?
True
Is 3489986849 a prime number?
True
Is 27471347393 composite?
True
Is 1996860557 a composite number?
False
Is 8247001753 a prime number?
True
Is 139442809 composite?
True
Is 41396713279 composite?
True
Is 265655969 a prime number?
True
Is 4966743059 prime?
True
Is 217708609 composite?
False
Is 82492673239 composite?
False
Is 38939929111 a composite number?
False
Is 1208102933 a prime number?
True
Is 17198066797 prime?
False
Is 3446099645 prime?
False
Is 17177257879 a composite number?
False
Is 1345035191 composite?
True
Is 409460539 composite?
True
Is 6554382553 composite?
False
Is 719502709 a composite number?
False
Is 3370125481 a prime number?
True
Is 73181859017 a composite number?
False
Is 5472238687 a composite number?
False
Is 419862823 composite?
True
Is 20934974951 a composite number?
True
Is 1450364647 a prime number?
True
Is 875004181 composite?
False
Is 1794962189 a composite number?
False
Is 377645261 a prime number?
False
Is 1154780791 composite?
True
Is 2230992259 composite?
False
Is 86619517579 prime?
False
Is 288888797 prime?
True
Is 1296357982 composite?
True
Is 31124077977 a prime number?
False
Is 50383099937 composite?
True
Is 28987307809 composite?
False
Is 54497292653 a prime number?
True
Is 96099667 a prime number?
True
Is 894209561 a composite number?
True
Is 11277114769 prime?
False
Is 18378602317 a composite number?
False
Is 4813943729 a composite number?
True
Is 19430261993 prime?
False
Is 1226401711 a composite number?
True
Is 750268529 composite?
True
Is 4705616051 a composite number?
True
Is 8611524089 composite?
True
Is 18643867069 a composite number?
True
Is 1041850409 prime?
True
Is 69383676055 prime?
False
Is 20845462307 a prime number?
True
Is 227158703 composite?
True
Is 11782914593 a composite number?
False
Is 4494674839 a composite number?
True
Is 2676840637 a composite number?
False
Is 553026689 prime?
True
Is 57083392871 a prime number?
False
Is 2076969737 a prime number?
True
Is 39259026889 a prime number?
True
Is 7218335431 a prime number?
True
Is 1567441363 prime?
True
Is 5511996071 prime?
False
Is 13449032593 prime?
False
Is 2235183331 a composite number?
True
Is 1990229011 composite?
True
Is 802136729 composite?
False
Is 2453669191 composite?
True
Is 3324344899 prime?
False
Is 650944691 a composite number?
False
Is 33422329 a composite number?
False
Is 5409364243 composite?
True
Is 20926061659 a prime number?
True
Is 39780533939 prime?
True
Is 9502153393 prime?
False
Is 5153782331 composite?
False
Is 28943597 composite?
True
Is 19543518979 composite?
True
Is 1142567753 a prime number?
False
Is 14731531453 a composite number?
True
Is 36229081921 a composite number?
True
Is 78365471189 prime?
True
Is 23962719863 a prime number?
True
Is 56627173123 a prime number?
False
Is 17671508081 prime?
True
Is 243680939 prime?
False
Is 3191088731 prime?
False
Is 17702428519 a prime number?
False
Is 80309473 prime?
False
Is 153194563 a prime number?
True
Is 88566113 composite?
False
Is 741338971 a prime number?
True
Is 2953704727 a prime number?
True
Is 82638898973 composite?
False
Is 471484823 prime?
True
Is 15711085141 a prime number?
True
Is 202512445147 prime?
False
Is 10350071543 composite?
True
Is 3642442241 prime?
True
Is 8139309257 prime?
False
Is 19740013759 prime?
True
Is 5234322391 a prime number?
True
Is 163057664909 composite?
True
Is 3669959063 prime?
True
Is 794014489 a composite number?
False
Is 234027793 a prime number?
True
Is 152417051 a composite number?
False
Is 13251136397 a prime number?
False
Is 9619585433 a composite number?
True
Is 56222370931 a composite number?
False
Is 50749852921 prime?
True
Is 50471827143 composite?
True
Is 9678697 a prime number?
False
Is 881869607 a prime number?
True
Is 15436824013 prime?
False
Is 6712712309 prime?
False
Is 25832227 composite?
False
Is 17624108951 a prime number?
True
Is 6097137713 prime?
True
Is 284334581 prime?
False
Is 4895250457 a prime number?
True
Is 48626785913 composite?
True
Is 1043989931 a composite number?
False
Is 1450181861 prime?
True
Is 69654315191 composite?
True
Is 32914996753 prime?
True
Is 3838628887 a composite number?
True
Is 1977018499 prime?
False
Is 158643829 prime?
False
Is 4327412329 prime?
True
Is 168636849 a prime number?
False
Is 14611657081 composite?
True
Is 98887631767 prime?
False
Is 1587870541 a composite number?
False
Is 25548734909 a prime number?
False
Is 262047167 a composite number?
False
Is 582860713 prime?
False
Is 9232168271 composite?
False
Is 1756702267 a composite number?
False
Is 1769950397 a prime number?
False
Is 203180161 composite?
False
Is 203469181 a composite number?
True
Is 27365243641 prime?
False
Is 878586662 prime?
False
Is 16269944533 prime?
False
Is 1239561727 a composite number?
False
Is 13290693761 prime?
True
Is 21137557357 prime?
False
Is 355046736773 composite?
False
Is 6939866041 a composite number?
False
Is 74633331803 composite?
True
Is 10093787629 a composite number?
False
Is 1106306896391 a composite number?
False
Is 2104692817 prime?
False
Is 2241952229 a prime number?
False
Is 1180929397 a prime number?
False
Is 1391908933 a prime number?
False
Is 17851667333 a prime number?
True
Is 147181681 a prime number?
False
Is 67753321849 a composite number?
True
Is 157960057 a composite number?
True
Is 1031918779 a prime number?
True
Is 919385393 prime?
False
Is 25555761541 a composite number?
True
Is 80513429 composite?
False
Is 10263012311 a composite number?
True
Is 514813757 prime?
False
Is 1057340213 a prime number?
True
Is 13753253 a prime number?
True
Is 1326634115 prime?
False
Is 68666027 a composite number?
False
Is 14147493079 prime?
False
Is 377047037 composite?
True
Is 670175567 prime?
False
Is 947815391 a prime number?
True
Is 97031117 a composite number?
False
Is 39499420073 composite?
True
Is 18918690053 composite?
False
Is 29590423757 composite?
True
Is 7521452723 composite?
True
Is 68844580269 a prime number?
False
Is 955330477 prime?
True
Is 1295168857 a composite number?
False
Is 8861135851 prime?
True
Is 47653348969 composite?
False
Is 5337512645 a composite number?
True
Is 1047803987 prime?
True
Is 19979648471 composite?
True
Is 2223112471 a composite number?
False
Is 2749276221 prime?
False
Is 13776340141 a composite number?
False
Is 40589183651 a prime number?
True
Is 131056238441 a composite number?
False
Is 566472551 composite?
True
Is 106941114023 composite?
True
Is 5160496919 a prime number?
False
Is 2173204573 a composite number?
True
Is 2323194589 a composite number?
False
Is 33692653 prime?
True
Is 134305378403 a composite number?
True
Is 2440461071 a prime number?
False
Is 152005380611 prime?
False
Is 6097120781 a prime number?
True
Is 144682153519 prime?
True
Is 7003000481 prime?
True
Is 79240852165 composite?
True
Is 15606629758 a prime